{"id":76,"date":"2024-08-23T11:58:14","date_gmt":"2024-08-23T11:58:14","guid":{"rendered":"https:\/\/handarbeit-atelier.ch\/?post_type=product&#038;p=76"},"modified":"2024-09-14T15:41:03","modified_gmt":"2024-09-14T15:41:03","slug":"nuscheli","status":"publish","type":"product","link":"https:\/\/handarbeit-atelier.ch\/?product=nuscheli","title":{"rendered":"Nuscheli"},"content":{"rendered":"<p>Unsere Nuscheli sind das ideale Geschenk zur Geburt. Die niedlichen, bestickten Motive und die M\u00f6glichkeit, das Nuscheli auf Wunsch mit dem Namen des Kindes zu personalisieren, bereiten den Kleinsten und auch den Eltern ganz viel Freude.<br \/>\nDie Nuscheli sind echte Multitalente und k\u00f6nnen w\u00e4hrend des Stillens, als Schmusetuch, Spucktuch oder f\u00fcr unterwegs als L\u00e4tzchen genutzt werden.<\/p>\n<p>Unsere Nuscheli in der Gr\u00f6\u00dfe 60&#215;60 cm gibt es in vielen verschiedenen Farben. Die effektive Gr\u00f6\u00dfe kann etwas abweichen. Die Nuscheli sind doppelt gewoben und bestehen aus 100 % reiner Baumwolle. Drei Seiten des Nuscheli sind ges\u00e4umt, eine Seite ist eine Webkante. Die Nuscheli sind bei 60 Grad waschbar.<\/p>\n<p>(Gerne sticke ich auch ihr Wunschmotiv auf das Nuscheli, bitte per Mail oder Telefon anfragen.)<\/p>\n","protected":false},"excerpt":{"rendered":"<p>besticktes Nuscheli mit niedlichem Sujet und Namen<\/p>\n<p>(Farben k\u00f6nnen je nach Bildschirm abweichen)<\/p>\n","protected":false},"featured_media":112,"comment_status":"open","ping_status":"closed","template":"","meta":[],"product_brand":[],"product_cat":[19],"product_tag":[24,25,20,21],"class_list":{"0":"post-76","1":"product","2":"type-product","3":"status-publish","4":"has-post-thumbnail","6":"product_cat-sticken","7":"product_tag-mulltuch","8":"product_tag-mullwindel","9":"product_tag-nuscheli","10":"product_tag-sticken","11":"product_shipping_class-kleines-paket","13":"first","14":"instock","15":"purchasable","16":"product-type-variable","17":"has-default-attributes"},"jetpack_sharing_enabled":true,"_links":{"self":[{"href":"https:\/\/handarbeit-atelier.ch\/index.php?rest_route=\/wp\/v2\/product\/76","targetHints":{"allow":["GET"]}}],"collection":[{"href":"https:\/\/handarbeit-atelier.ch\/index.php?rest_route=\/wp\/v2\/product"}],"about":[{"href":"https:\/\/handarbeit-atelier.ch\/index.php?rest_route=\/wp\/v2\/types\/product"}],"replies":[{"embeddable":true,"href":"https:\/\/handarbeit-atelier.ch\/index.php?rest_route=%2Fwp%2Fv2%2Fcomments&post=76"}],"wp:featuredmedia":[{"embeddable":true,"href":"https:\/\/handarbeit-atelier.ch\/index.php?rest_route=\/wp\/v2\/media\/112"}],"wp:attachment":[{"href":"https:\/\/handarbeit-atelier.ch\/index.php?rest_route=%2Fwp%2Fv2%2Fmedia&parent=76"}],"wp:term":[{"taxonomy":"product_brand","embeddable":true,"href":"https:\/\/handarbeit-atelier.ch\/index.php?rest_route=%2Fwp%2Fv2%2Fproduct_brand&post=76"},{"taxonomy":"product_cat","embeddable":true,"href":"https:\/\/handarbeit-atelier.ch\/index.php?rest_route=%2Fwp%2Fv2%2Fproduct_cat&post=76"},{"taxonomy":"product_tag","embeddable":true,"href":"https:\/\/handarbeit-atelier.ch\/index.php?rest_route=%2Fwp%2Fv2%2Fproduct_tag&post=76"}],"curies":[{"name":"wp","href":"https:\/\/api.w.org\/{rel}","templated":true}]}}