{"id":351,"date":"2024-09-19T08:15:10","date_gmt":"2024-09-19T08:15:10","guid":{"rendered":"https:\/\/handarbeit-atelier.ch\/?post_type=product&#038;p=351"},"modified":"2024-09-19T08:15:10","modified_gmt":"2024-09-19T08:15:10","slug":"appenzellermuetzen","status":"publish","type":"product","link":"https:\/\/handarbeit-atelier.ch\/?product=appenzellermuetzen","title":{"rendered":"Appenzellerm\u00fctzen"},"content":{"rendered":"<p>Mit liebe gestrickte Appenzellerm\u00fctzen in verschiedenen Gr\u00f6ssen und Farben.<\/p>\n<p>Bitte bei Bestellung den Farbwunsch angeben.<\/p>\n<p>Waschbar bei 40 Grad.<\/p>\n","protected":false},"excerpt":{"rendered":"<p>l\u00e4ssige Zipfelm\u00fctze<\/p>\n","protected":false},"featured_media":352,"comment_status":"open","ping_status":"closed","template":"","meta":[],"product_brand":[],"product_cat":[22],"product_tag":[54,56,55],"class_list":{"0":"post-351","1":"product","2":"type-product","3":"status-publish","4":"has-post-thumbnail","6":"product_cat-stricken","7":"product_tag-appenzellermuetze","8":"product_tag-muetze","9":"product_tag-zipfelkappe","10":"product_shipping_class-kleines-paket","12":"first","13":"instock","14":"purchasable","15":"product-type-variable"},"jetpack_sharing_enabled":true,"_links":{"self":[{"href":"https:\/\/handarbeit-atelier.ch\/index.php?rest_route=\/wp\/v2\/product\/351","targetHints":{"allow":["GET"]}}],"collection":[{"href":"https:\/\/handarbeit-atelier.ch\/index.php?rest_route=\/wp\/v2\/product"}],"about":[{"href":"https:\/\/handarbeit-atelier.ch\/index.php?rest_route=\/wp\/v2\/types\/product"}],"replies":[{"embeddable":true,"href":"https:\/\/handarbeit-atelier.ch\/index.php?rest_route=%2Fwp%2Fv2%2Fcomments&post=351"}],"wp:featuredmedia":[{"embeddable":true,"href":"https:\/\/handarbeit-atelier.ch\/index.php?rest_route=\/wp\/v2\/media\/352"}],"wp:attachment":[{"href":"https:\/\/handarbeit-atelier.ch\/index.php?rest_route=%2Fwp%2Fv2%2Fmedia&parent=351"}],"wp:term":[{"taxonomy":"product_brand","embeddable":true,"href":"https:\/\/handarbeit-atelier.ch\/index.php?rest_route=%2Fwp%2Fv2%2Fproduct_brand&post=351"},{"taxonomy":"product_cat","embeddable":true,"href":"https:\/\/handarbeit-atelier.ch\/index.php?rest_route=%2Fwp%2Fv2%2Fproduct_cat&post=351"},{"taxonomy":"product_tag","embeddable":true,"href":"https:\/\/handarbeit-atelier.ch\/index.php?rest_route=%2Fwp%2Fv2%2Fproduct_tag&post=351"}],"curies":[{"name":"wp","href":"https:\/\/api.w.org\/{rel}","templated":true}]}}