{"id":299,"date":"2024-09-19T07:39:58","date_gmt":"2024-09-19T07:39:58","guid":{"rendered":"https:\/\/handarbeit-atelier.ch\/?post_type=product&#038;p=299"},"modified":"2024-09-19T08:23:00","modified_gmt":"2024-09-19T08:23:00","slug":"puppenlatz","status":"publish","type":"product","link":"https:\/\/handarbeit-atelier.ch\/?product=puppenlatz","title":{"rendered":"Puppenlatz"},"content":{"rendered":"<p>Auch eine Puppe kleckert beim Essen, desshalb n\u00e4he ich kleine Puppenl\u00e4tze und besticke sie mit einem s\u00fcssen Sujet.<\/p>\n<p>Gerne gehe ich auf Ihre W\u00fcnsche ein, nehmen Sie einfach Kontakt mit mir auf.<\/p>\n","protected":false},"excerpt":{"rendered":"<p>s\u00fcsse Puppenl\u00e4tze<\/p>\n","protected":false},"featured_media":301,"comment_status":"open","ping_status":"closed","template":"","meta":[],"product_brand":[],"product_cat":[34],"product_tag":[43,44],"class_list":{"0":"post-299","1":"product","2":"type-product","3":"status-publish","4":"has-post-thumbnail","6":"product_cat-naehen","7":"product_tag-puppen","8":"product_tag-puppenkleider","9":"product_shipping_class-kleines-paket","11":"first","12":"instock","13":"purchasable","14":"product-type-simple"},"jetpack_sharing_enabled":true,"_links":{"self":[{"href":"https:\/\/handarbeit-atelier.ch\/index.php?rest_route=\/wp\/v2\/product\/299","targetHints":{"allow":["GET"]}}],"collection":[{"href":"https:\/\/handarbeit-atelier.ch\/index.php?rest_route=\/wp\/v2\/product"}],"about":[{"href":"https:\/\/handarbeit-atelier.ch\/index.php?rest_route=\/wp\/v2\/types\/product"}],"replies":[{"embeddable":true,"href":"https:\/\/handarbeit-atelier.ch\/index.php?rest_route=%2Fwp%2Fv2%2Fcomments&post=299"}],"wp:featuredmedia":[{"embeddable":true,"href":"https:\/\/handarbeit-atelier.ch\/index.php?rest_route=\/wp\/v2\/media\/301"}],"wp:attachment":[{"href":"https:\/\/handarbeit-atelier.ch\/index.php?rest_route=%2Fwp%2Fv2%2Fmedia&parent=299"}],"wp:term":[{"taxonomy":"product_brand","embeddable":true,"href":"https:\/\/handarbeit-atelier.ch\/index.php?rest_route=%2Fwp%2Fv2%2Fproduct_brand&post=299"},{"taxonomy":"product_cat","embeddable":true,"href":"https:\/\/handarbeit-atelier.ch\/index.php?rest_route=%2Fwp%2Fv2%2Fproduct_cat&post=299"},{"taxonomy":"product_tag","embeddable":true,"href":"https:\/\/handarbeit-atelier.ch\/index.php?rest_route=%2Fwp%2Fv2%2Fproduct_tag&post=299"}],"curies":[{"name":"wp","href":"https:\/\/api.w.org\/{rel}","templated":true}]}}