{"id":3,"date":"2024-08-23T10:53:07","date_gmt":"2024-08-23T10:53:07","guid":{"rendered":"https:\/\/handarbeit-atelier.ch\/?page_id=3"},"modified":"2024-09-13T06:17:43","modified_gmt":"2024-09-13T06:17:43","slug":"privacy-policy","status":"publish","type":"page","link":"https:\/\/handarbeit-atelier.ch\/?page_id=3","title":{"rendered":"Impressum"},"content":{"rendered":"\n<h2 class=\"wp-block-heading\">Impressum<\/h2>\n\n\n\n<p><strong>Kontaktadresse<\/strong> <strong>Handarbeit-Atelier<\/strong><\/p>\n\n\n\n<p>Erika und Andy Hug<br>Oberstettenstrasse 8a<br>CH \u2013 9536 Schwarzenbach<br>+41 \u00abnull-sieben-neun\u00bb 314 80 22<\/p>\n\n\n\n<p>Mail: e.hug(a)gmx.ch<\/p>\n\n\n\n<h1 class=\"wp-block-heading\">Haftungsausschluss<\/h1>\n\n\n\n<p>Der Autor \u00fcbernimmt keinerlei Gew\u00e4hr hinsichtlich der inhaltlichen Richtigkeit, Genauigkeit, Aktualit\u00e4t, Zuverl\u00e4ssigkeit und Vollst\u00e4ndigkeit der bereitgestellten Informationen. Der Autor \u00fcbernimmt keine Haftung f\u00fcr Sch\u00e4den, die aus dem Zugriff auf die ver\u00f6ffentlichten Informationen, deren Nutzung oder Nichtnutzung entstehen. Dies gilt auch f\u00fcr Sch\u00e4den, die durch Missbrauch der Verbindung oder technische St\u00f6rungen verursacht werden. Alle Angebote sind unverbindlich. Der Autor beh\u00e4lt sich ausdr\u00fccklich vor, Teile der Seiten oder das gesamte Angebot ohne gesonderte Ank\u00fcndigung zu ver\u00e4ndern, zu erg\u00e4nzen, zu l\u00f6schen oder die Ver\u00f6ffentlichung zeitweise oder endg\u00fcltig einzustellen.<\/p>\n\n\n\n<p><strong>Haftung f\u00fcr Links<\/strong><\/p>\n\n\n\n<p>Verweise und Links auf Webseiten Dritter liegen au\u00dferhalb unseres Verantwortungsbereichs. F\u00fcr die Inhalte dieser Webseiten wird jegliche Verantwortung abgelehnt. Der Zugriff und die Nutzung solcher Webseiten erfolgen auf eigene Gefahr des Nutzers bzw. der Nutzerin.<\/p>\n\n\n\n<p><strong>Urheberrechte<\/strong><\/p>\n\n\n\n<p>Die Urheber- und alle anderen Rechte an Inhalten, Bildern, Fotos oder anderen Dateien auf der Website geh\u00f6ren ausschlie\u00dflich Handarbeit-Atelier oder den speziell genannten Rechtsinhabern. Eine Reproduktion jeglicher Elemente ist nur mit schriftlicher Zustimmung der Urheberrechtstr\u00e4ger zul\u00e4ssig.<\/p>\n","protected":false},"excerpt":{"rendered":"<p>Impressum Kontaktadresse Handarbeit-Atelier Erika und Andy HugOberstettenstrasse 8aCH \u2013 9536 Schwarzenbach+41 \u00abnull-sieben-neun\u00bb 314 80 22 Mail: e.hug(a)gmx.ch Haftungsausschluss Der Autor \u00fcbernimmt keinerlei Gew\u00e4hr hinsichtlich der inhaltlichen Richtigkeit, Genauigkeit, Aktualit\u00e4t, Zuverl\u00e4ssigkeit und Vollst\u00e4ndigkeit der bereitgestellten Informationen. Der Autor \u00fcbernimmt keine Haftung f\u00fcr Sch\u00e4den, die aus dem Zugriff auf die ver\u00f6ffentlichten Informationen, deren Nutzung oder Nichtnutzung entstehen. [&hellip;]<\/p>\n","protected":false},"author":1,"featured_media":0,"parent":0,"menu_order":0,"comment_status":"closed","ping_status":"closed","template":"","meta":{"footnotes":""},"class_list":["post-3","page","type-page","status-publish","hentry"],"jetpack_sharing_enabled":true,"_links":{"self":[{"href":"https:\/\/handarbeit-atelier.ch\/index.php?rest_route=\/wp\/v2\/pages\/3","targetHints":{"allow":["GET"]}}],"collection":[{"href":"https:\/\/handarbeit-atelier.ch\/index.php?rest_route=\/wp\/v2\/pages"}],"about":[{"href":"https:\/\/handarbeit-atelier.ch\/index.php?rest_route=\/wp\/v2\/types\/page"}],"author":[{"embeddable":true,"href":"https:\/\/handarbeit-atelier.ch\/index.php?rest_route=\/wp\/v2\/users\/1"}],"replies":[{"embeddable":true,"href":"https:\/\/handarbeit-atelier.ch\/index.php?rest_route=%2Fwp%2Fv2%2Fcomments&post=3"}],"version-history":[{"count":2,"href":"https:\/\/handarbeit-atelier.ch\/index.php?rest_route=\/wp\/v2\/pages\/3\/revisions"}],"predecessor-version":[{"id":198,"href":"https:\/\/handarbeit-atelier.ch\/index.php?rest_route=\/wp\/v2\/pages\/3\/revisions\/198"}],"wp:attachment":[{"href":"https:\/\/handarbeit-atelier.ch\/index.php?rest_route=%2Fwp%2Fv2%2Fmedia&parent=3"}],"curies":[{"name":"wp","href":"https:\/\/api.w.org\/{rel}","templated":true}]}}